{"id":41,"date":"2024-01-16T12:48:28","date_gmt":"2024-01-16T12:48:28","guid":{"rendered":"https:\/\/tatdkursgunleri.org\/2025\/?page_id=41"},"modified":"2025-04-02T08:20:43","modified_gmt":"2025-04-02T08:20:43","slug":"kayit-ve-konaklama","status":"publish","type":"page","link":"https:\/\/tatdkursgunleri.org\/2025\/kayit-ve-konaklama\/","title":{"rendered":"Kay\u0131t ve Konaklama"},"content":{"rendered":"\n<h4 class=\"wp-block-heading\">Kay\u0131t \u00dccretleri<\/h4>\n\n\n\n<figure class=\"wp-block-table\"><table><thead><tr><th><\/th><th>15 \u015eubat 2025 \u00d6ncesi<\/th><th>15 \u015eubat 2025 Sonras\u0131<\/th><\/tr><\/thead><tbody><tr><td>Kay\u0131t<\/td><td>11.000 TL<\/td><td>14.000 TL<\/td><\/tr><\/tbody><\/table><\/figure>\n\n\n\n<ul class=\"wp-block-list\">\n<li><strong>Kay\u0131t \u00fccreti \u201ckurs + kay\u0131t bedeli\u201dni kapsamaktad\u0131r.<\/strong><\/li>\n\n\n\n<li>Fiyatlara KDV (%20) dahil de\u011fildir.<\/li>\n\n\n\n<li>Do\u011fmas\u0131 muhtemel har\u00e7 ve vergiler fiyata yans\u0131t\u0131lacakt\u0131r.<\/li>\n<\/ul>\n\n\n\n<h4 class=\"wp-block-heading\">Konaklama \u00dccretleri<\/h4>\n\n\n\n<figure class=\"wp-block-table\"><table><thead><tr><th>Granada Hotel<\/th><th>15 \u015eubat 2025 \u00d6ncesi<\/th><th>15 \u015eubat 2025 Sonras\u0131<\/th><\/tr><\/thead><tbody><tr><td>Tek ki\u015filik Oda<\/td><td>800 \u20ac<\/td><td>900 \u20ac<\/td><\/tr><tr><td>\u0130ki ki\u015filik odada ki\u015fi ba\u015f\u0131<\/td><td>605 \u20ac<\/td><td>705 \u20ac<\/td><\/tr><tr><td>\u00dc\u00e7 ki\u015filik odada ki\u015fi ba\u015f\u0131<\/td><td>560 \u20ac<\/td><td>660 \u20ac<\/td><\/tr><\/tbody><\/table><\/figure>\n\n\n\n<ul class=\"wp-block-list\">\n<li><strong>Kongre otellerinden birinde organizasyon sekretaryas\u0131 arac\u0131l\u0131\u011f\u0131yla konaklama rezervasyonunu yapt\u0131rmayan t\u00fcm kat\u0131l\u0131mc\u0131lar\u0131n, kongre kayd\u0131na ek olarak, kongre s\u00fcresince kongre oteline eri\u015fim sa\u011flamak i\u00e7in d\u0131\u015f kat\u0131l\u0131m \u00fccreti \u00f6demesi gerekmektedir. \u2018\u2019D\u0131\u015f Kat\u0131l\u0131mc\u0131 Fark\u0131\u2019\u2019 kongre s\u00fcresince 480 \u20ac + KDV\u2019dir. Bu \u00fccrete 09:00-21:00 saatleri aras\u0131ndaki tesis kullan\u0131m bedelidir. Bu saatler d\u0131\u015f\u0131nda misafirden ek \u00fccret talep edilebilecektir.<\/strong><\/li>\n\n\n\n<li>Konaklama \u00fccretleri <strong>28 Nisan 2025 giri\u015f, 1 May\u0131s 2025<\/strong> \u00e7\u0131k\u0131\u015f olacak \u015fekilde her\u015fey dahil sisteminde 3 gecelik paket konaklamay\u0131 kapsamaktad\u0131r. Konaklama taleplerinde paket konaklama b\u00f6l\u00fcnmeyecektir.<\/li>\n\n\n\n<li>Konaklama almayacak kat\u0131l\u0131mc\u0131lar i\u00e7in \u201cd\u0131\u015f kat\u0131l\u0131m + kay\u0131t bedeli\u201d \u00f6demesi gerekecektir.<\/li>\n\n\n\n<li>Fiyatlara KDV (%10), konaklama vergisi (%2) dahil de\u011fildir.<\/li>\n\n\n\n<li>Do\u011fmas\u0131 muhtemel har\u00e7 ve vergiler fiyata yans\u0131t\u0131lacakt\u0131r.<\/li>\n<\/ul>\n\n\n\n<div class=\"wp-block-essential-blocks-button  root-eb-button-9ybt6\"><div class=\"eb-parent-wrapper eb-parent-eb-button-9ybt6 \"><div class=\"eb-button-wrapper eb-button-alignment eb-button-9ybt6\"><div class=\"eb-button\"><div class=\"eb-button-inner-wrapper \"><a class=\"eb-button-anchor \" href=\"https:\/\/payment.brosgroup.net\/2025tatdkursgunleri\/\" target=\"_blank\" rel=\"noopener\">ONLINE KAYIT VE KONAKLAMA S\u0130STEM\u0130 \u0130\u00c7\u0130N TIKLAYINIZ<\/a><\/div><\/div><\/div><\/div><\/div>\n\n\n\n<h3 class=\"wp-block-heading\">Refakat\u00e7i \u00dccretleri:<\/h3>\n\n\n\n<figure class=\"wp-block-table\"><table class=\"has-fixed-layout\"><tbody><tr><td>E\u015f Fark\u0131<\/td><td>350 \u20ac<\/td><\/tr><tr><td>1.\u00c7ocuk 0-12 Ya\u015f<\/td><td>\u00dccretsiz<\/td><\/tr><tr><td>2.\u00c7ocuk 0-2 Ya\u015f<\/td><td>\u00dccretiz<\/td><\/tr><tr><td>3.\u00c7ocuk 3-12 Ya\u015f<\/td><td>225 \u20ac<\/td><\/tr><\/tbody><\/table><\/figure>\n\n\n\n<ul class=\"wp-block-list\">\n<li>Belirtilen refakat\u00e7i bedeli ayn\u0131 odada en fazla 2 ilave refakat\u00e7inin konaklamas\u0131 i\u00e7in ge\u00e7erli olup, 2 ki\u015fiden fazla refakat\u00e7i olmas\u0131 durumunda fiyat belirlenmesi i\u00e7in organizasyon firmas\u0131yla ileti\u015fime ge\u00e7menizi rica ederiz<\/li>\n\n\n\n<li>(Refakat\u00e7i bedeline 3 gece konaklama dahildir.)<\/li>\n\n\n\n<li>\u00c7ocuk kat\u0131l\u0131mlar\u0131 i\u00e7in talebinizi ve \u00e7ocuklar\u0131n kimlik g\u00f6rsellerini <a href=\"mailto:tatdkursgunleri@brosgroup.net\">tatdkursgunleri@brosgroup.net<\/a> iletti\u011finizde sepetinize sekretarya ekleyecektir.<\/li>\n\n\n\n<li>Fiyatlara KDV (%10) dahil de\u011fildir.<br>Do\u011fmas\u0131 muhtemel har\u00e7 ve vergiler fiyata yans\u0131t\u0131lacakt\u0131r.<\/li>\n<\/ul>\n\n\n\n<h4 class=\"wp-block-heading\">Transfer<\/h4>\n\n\n\n<figure class=\"wp-block-table\"><table><tbody><tr><td>Toplu Transfer (\u00c7ift Y\u00f6n)<\/td><td>90 \u20ac<\/td><\/tr><\/tbody><\/table><\/figure>\n\n\n\n<ul class=\"wp-block-list\">\n<li>Transfer fiyatlar\u0131 28 Nisan 2025 geli\u015f, 1 May\u0131s 2025 d\u00f6n\u00fc\u015f \u015feklindeki toplu transferler i\u00e7in ge\u00e7erlidir. Bunun d\u0131\u015f\u0131ndaki ara g\u00fcnlerde transfer talepleriniz i\u00e7in l\u00fctfen bizimle irtibat kurunuz.<\/li>\n\n\n\n<li>Fiyatlara KDV (%20) d\u00e2hil de\u011fildir.<\/li>\n<\/ul>\n\n\n\n<h4 class=\"wp-block-heading\">\u0130ptaller<\/h4>\n\n\n\n<p>Kay\u0131t ve konaklama iptali 1 Mart 2025 tarihine kadar bildirildi\u011fi takdirde kay\u0131t ve konaklama \u00fccretinin tamam\u0131 iade edilir. Bu tarihten sonra yap\u0131lacak kay\u0131t iptallerinde iade yap\u0131lmayacakt\u0131r.<\/p>\n\n\n\n<p>T\u00fcm iadeler toplant\u0131 bitiminden sonra yap\u0131lacakt\u0131r.<\/p>\n\n\n\n<p><\/p>\n","protected":false},"excerpt":{"rendered":"<p>Kay\u0131t \u00dccretleri 15 \u015eubat 2025 \u00d6ncesi 15 \u015eubat 2025 Sonras\u0131 Kay\u0131t 11.000 TL 14.000 TL Konaklama \u00dccretleri Granada Hotel 15 \u015eubat 2025 \u00d6ncesi 15 \u015eubat 2025 Sonras\u0131 Tek ki\u015filik Oda 800 \u20ac 900 \u20ac \u0130ki ki\u015filik odada ki\u015fi ba\u015f\u0131 605 \u20ac 705 \u20ac \u00dc\u00e7 ki\u015filik odada ki\u015fi ba\u015f\u0131 560 \u20ac 660 \u20ac Refakat\u00e7i \u00dccretleri: E\u015f Fark\u0131 350 \u20ac 1.\u00c7ocuk 0-12 Ya\u015f \u00dccretsiz 2.\u00c7ocuk 0-2 Ya\u015f \u00dccretiz 3.\u00c7ocuk 3-12 Ya\u015f 225 \u20ac Transfer Toplu Transfer (\u00c7ift Y\u00f6n) 90 \u20ac \u0130ptaller Kay\u0131t ve konaklama iptali 1 Mart 2025 tarihine kadar bildirildi\u011fi takdirde kay\u0131t ve konaklama \u00fccretinin tamam\u0131 iade edilir. Bu tarihten sonra yap\u0131lacak kay\u0131t iptallerinde iade yap\u0131lmayacakt\u0131r. T\u00fcm iadeler toplant\u0131 bitiminden sonra yap\u0131lacakt\u0131r.<\/p>\n","protected":false},"author":1,"featured_media":0,"parent":0,"menu_order":0,"comment_status":"closed","ping_status":"closed","template":"","meta":{"_eb_attr":"","footnotes":""},"class_list":["post-41","page","type-page","status-publish","hentry"],"blocksy_meta":[],"_links":{"self":[{"href":"https:\/\/tatdkursgunleri.org\/2025\/wp-json\/wp\/v2\/pages\/41","targetHints":{"allow":["GET"]}}],"collection":[{"href":"https:\/\/tatdkursgunleri.org\/2025\/wp-json\/wp\/v2\/pages"}],"about":[{"href":"https:\/\/tatdkursgunleri.org\/2025\/wp-json\/wp\/v2\/types\/page"}],"author":[{"embeddable":true,"href":"https:\/\/tatdkursgunleri.org\/2025\/wp-json\/wp\/v2\/users\/1"}],"replies":[{"embeddable":true,"href":"https:\/\/tatdkursgunleri.org\/2025\/wp-json\/wp\/v2\/comments?post=41"}],"version-history":[{"count":31,"href":"https:\/\/tatdkursgunleri.org\/2025\/wp-json\/wp\/v2\/pages\/41\/revisions"}],"predecessor-version":[{"id":2781,"href":"https:\/\/tatdkursgunleri.org\/2025\/wp-json\/wp\/v2\/pages\/41\/revisions\/2781"}],"wp:attachment":[{"href":"https:\/\/tatdkursgunleri.org\/2025\/wp-json\/wp\/v2\/media?parent=41"}],"curies":[{"name":"wp","href":"https:\/\/api.w.org\/{rel}","templated":true}]}}