{"id":47,"date":"2024-01-16T12:49:36","date_gmt":"2024-01-16T12:49:36","guid":{"rendered":"https:\/\/tatdkursgunleri.org\/2025\/?page_id=47"},"modified":"2025-01-08T11:25:51","modified_gmt":"2025-01-08T11:25:51","slug":"iletisim","status":"publish","type":"page","link":"https:\/\/tatdkursgunleri.org\/2025\/iletisim\/","title":{"rendered":"\u0130leti\u015fim"},"content":{"rendered":"\t\t<div data-elementor-type=\"wp-page\" data-elementor-id=\"47\" class=\"elementor elementor-47\" data-elementor-post-type=\"page\">\n\t\t\t\t<div class=\"elementor-element elementor-element-bfcb802 e-con-full e-flex wpr-particle-no wpr-jarallax-no wpr-parallax-no wpr-sticky-section-no e-con e-parent\" data-id=\"bfcb802\" data-element_type=\"container\">\n\t\t<div class=\"elementor-element elementor-element-0f85f9d e-flex e-con-boxed wpr-particle-no wpr-jarallax-no wpr-parallax-no wpr-sticky-section-no e-con e-child\" data-id=\"0f85f9d\" data-element_type=\"container\" data-settings=\"{&quot;background_background&quot;:&quot;gradient&quot;}\">\n\t\t\t\t\t<div class=\"e-con-inner\">\n\t\t<div class=\"elementor-element elementor-element-3edb49f e-con-full e-flex wpr-particle-no wpr-jarallax-no wpr-parallax-no wpr-sticky-section-no e-con e-child\" data-id=\"3edb49f\" data-element_type=\"container\">\n\t\t\t\t<div class=\"elementor-element elementor-element-957d411 elementor-widget elementor-widget-heading\" data-id=\"957d411\" data-element_type=\"widget\" data-widget_type=\"heading.default\">\n\t\t\t\t<div class=\"elementor-widget-container\">\n\t\t\t\t\t<h5 class=\"elementor-heading-title elementor-size-default\">Bilimsel Sekreterya<\/h5>\t\t\t\t<\/div>\n\t\t\t\t<\/div>\n\t\t\t\t<div class=\"elementor-element elementor-element-b2ba943 elementor-widget__width-initial elementor-widget elementor-widget-image\" data-id=\"b2ba943\" data-element_type=\"widget\" data-widget_type=\"image.default\">\n\t\t\t\t<div class=\"elementor-widget-container\">\n\t\t\t\t\t\t\t\t\t\t\t\t\t\t\t<img decoding=\"async\" width=\"300\" height=\"75\" src=\"https:\/\/tatdkursgunleri.org\/2025\/wp-content\/uploads\/2024\/03\/tatd_renkli-01-300x75.png\" class=\"attachment-medium size-medium wp-image-1869\" alt=\"\" srcset=\"https:\/\/tatdkursgunleri.org\/2025\/wp-content\/uploads\/2024\/03\/tatd_renkli-01-300x75.png 300w, https:\/\/tatdkursgunleri.org\/2025\/wp-content\/uploads\/2024\/03\/tatd_renkli-01-1024x256.png 1024w, https:\/\/tatdkursgunleri.org\/2025\/wp-content\/uploads\/2024\/03\/tatd_renkli-01-150x38.png 150w, https:\/\/tatdkursgunleri.org\/2025\/wp-content\/uploads\/2024\/03\/tatd_renkli-01-768x192.png 768w, https:\/\/tatdkursgunleri.org\/2025\/wp-content\/uploads\/2024\/03\/tatd_renkli-01.png 1250w\" sizes=\"(max-width: 300px) 100vw, 300px\" \/>\t\t\t\t\t\t\t\t\t\t\t\t\t\t\t<\/div>\n\t\t\t\t<\/div>\n\t\t\t\t<div class=\"elementor-element elementor-element-c88ddfd elementor-widget elementor-widget-text-editor\" data-id=\"c88ddfd\" data-element_type=\"widget\" data-widget_type=\"text-editor.default\">\n\t\t\t\t<div class=\"elementor-widget-container\">\n\t\t\t\t\t\t\t\t\t<p style=\"text-align: center;\">Mustafa Kemal Mah. Dumlup\u0131nar Bulvar\u0131. No: 274 Mahall Ankara, E Blok, Daire No:18 \u00c7ankaya\/Ankara<br \/>Tel: +90 312 438 12 66<br \/>Web: www.tatd.org.tr<br \/>E-posta: <a href=\"mailto:bilgi@tatd.org.tr\">bilgi@tatd.org.tr<\/a> \/ <a href=\"mailto:info@tatd.org.tr\">info@tatd.org.tr<\/a><\/p>\t\t\t\t\t\t\t\t<\/div>\n\t\t\t\t<\/div>\n\t\t\t\t<\/div>\n\t\t<div class=\"elementor-element elementor-element-499c2c6 e-con-full e-flex wpr-particle-no wpr-jarallax-no wpr-parallax-no wpr-sticky-section-no e-con e-child\" data-id=\"499c2c6\" data-element_type=\"container\">\n\t\t\t\t<div class=\"elementor-element elementor-element-77887de elementor-widget elementor-widget-heading\" data-id=\"77887de\" data-element_type=\"widget\" data-widget_type=\"heading.default\">\n\t\t\t\t<div class=\"elementor-widget-container\">\n\t\t\t\t\t<h5 class=\"elementor-heading-title elementor-size-default\">Organizasyon Sekretaryas\u0131<\/h5>\t\t\t\t<\/div>\n\t\t\t\t<\/div>\n\t\t\t\t<div class=\"elementor-element elementor-element-2c0e322 elementor-widget elementor-widget-image\" data-id=\"2c0e322\" data-element_type=\"widget\" data-widget_type=\"image.default\">\n\t\t\t\t<div class=\"elementor-widget-container\">\n\t\t\t\t\t\t\t\t\t\t\t\t\t\t\t<img decoding=\"async\" width=\"150\" height=\"56\" src=\"https:\/\/tatdkursgunleri.org\/2025\/wp-content\/uploads\/2024\/01\/Bros-Group-Renkli-150x56.png\" class=\"attachment-thumbnail size-thumbnail wp-image-634\" alt=\"\" srcset=\"https:\/\/tatdkursgunleri.org\/2025\/wp-content\/uploads\/2024\/01\/Bros-Group-Renkli-150x56.png 150w, https:\/\/tatdkursgunleri.org\/2025\/wp-content\/uploads\/2024\/01\/Bros-Group-Renkli.png 174w\" sizes=\"(max-width: 150px) 100vw, 150px\" \/>\t\t\t\t\t\t\t\t\t\t\t\t\t\t\t<\/div>\n\t\t\t\t<\/div>\n\t\t\t\t<div class=\"elementor-element elementor-element-640f567 elementor-widget elementor-widget-text-editor\" data-id=\"640f567\" data-element_type=\"widget\" data-widget_type=\"text-editor.default\">\n\t\t\t\t<div class=\"elementor-widget-container\">\n\t\t\t\t\t\t\t\t\t<p style=\"text-align: center;\">Hatice \u00c7ilek<br \/>Esentepe Mah. Sa\u011flam Fikir Sok. Esen Palas Apt. <br \/>No: 2 D:9 K:2 \u015ei\u015fli \/ \u0130stanbul<br \/>Tel: +90 212 296 66 70<br \/>GSM: +90 542 422 60 93\u00a0<br \/>E-Posta: <a href=\"mailto:tatdkursgunleri@brosgroup.net\">tatdkursgunleri@brosgroup.net <\/a><\/p>\t\t\t\t\t\t\t\t<\/div>\n\t\t\t\t<\/div>\n\t\t\t\t<\/div>\n\t\t\t\t\t<\/div>\n\t\t\t\t<\/div>\n\t\t\t\t<\/div>\n\t\t\t\t<\/div>\n\t\t","protected":false},"excerpt":{"rendered":"<p>Bilimsel Sekreterya Mustafa Kemal Mah. Dumlup\u0131nar Bulvar\u0131. No: 274 Mahall Ankara, E Blok, Daire No:18 \u00c7ankaya\/AnkaraTel: +90 312 438 12 66Web: www.tatd.org.trE-posta: bilgi@tatd.org.tr \/ info@tatd.org.tr Organizasyon Sekretaryas\u0131 Hatice \u00c7ilekEsentepe Mah. Sa\u011flam Fikir Sok. Esen Palas Apt. No: 2 D:9 K:2 \u015ei\u015fli \/ \u0130stanbulTel: +90 212 296 66 70GSM: +90 542 422 60 93\u00a0E-Posta: tatdkursgunleri@brosgroup.net<\/p>\n","protected":false},"author":1,"featured_media":0,"parent":0,"menu_order":0,"comment_status":"closed","ping_status":"closed","template":"","meta":{"_eb_attr":"","footnotes":""},"class_list":["post-47","page","type-page","status-publish","hentry"],"blocksy_meta":[],"_links":{"self":[{"href":"https:\/\/tatdkursgunleri.org\/2025\/wp-json\/wp\/v2\/pages\/47","targetHints":{"allow":["GET"]}}],"collection":[{"href":"https:\/\/tatdkursgunleri.org\/2025\/wp-json\/wp\/v2\/pages"}],"about":[{"href":"https:\/\/tatdkursgunleri.org\/2025\/wp-json\/wp\/v2\/types\/page"}],"author":[{"embeddable":true,"href":"https:\/\/tatdkursgunleri.org\/2025\/wp-json\/wp\/v2\/users\/1"}],"replies":[{"embeddable":true,"href":"https:\/\/tatdkursgunleri.org\/2025\/wp-json\/wp\/v2\/comments?post=47"}],"version-history":[{"count":25,"href":"https:\/\/tatdkursgunleri.org\/2025\/wp-json\/wp\/v2\/pages\/47\/revisions"}],"predecessor-version":[{"id":1956,"href":"https:\/\/tatdkursgunleri.org\/2025\/wp-json\/wp\/v2\/pages\/47\/revisions\/1956"}],"wp:attachment":[{"href":"https:\/\/tatdkursgunleri.org\/2025\/wp-json\/wp\/v2\/media?parent=47"}],"curies":[{"name":"wp","href":"https:\/\/api.w.org\/{rel}","templated":true}]}}